{"id":32,"date":"2024-03-20T19:58:43","date_gmt":"2024-03-20T18:58:43","guid":{"rendered":"https:\/\/assyriayouthcamp.se\/?page_id=32"},"modified":"2024-07-03T17:03:05","modified_gmt":"2024-07-03T15:03:05","slug":"om-oss","status":"publish","type":"page","link":"http:\/\/assyriayouthcamp.se\/","title":{"rendered":"om oss"},"content":{"rendered":"\n<figure class=\"wp-block-image size-full is-resized\"><img loading=\"lazy\" decoding=\"async\" width=\"463\" height=\"660\" src=\"https:\/\/assyriayouthcamp.se\/wp-content\/uploads\/2024\/03\/IMG_6066-1.jpeg\" alt=\"\" class=\"wp-image-75\" style=\"width:250px\" srcset=\"http:\/\/assyriayouthcamp.se\/wp-content\/uploads\/2024\/03\/IMG_6066-1.jpeg 463w, http:\/\/assyriayouthcamp.se\/wp-content\/uploads\/2024\/03\/IMG_6066-1-210x300.jpeg 210w\" sizes=\"(max-width: 463px) 100vw, 463px\" \/><\/figure>\n\n\n\n<h3 class=\"wp-block-heading\">Assyriskt sommarl\u00e4ger 2024<\/h3>\n\n\n\n<p>Historiskt sett har sommarl\u00e4ger varit ett viktigt inslag i den Assyriska r\u00f6relsens 50-\u00e5riga historia h\u00e4r i Sverige. M\u00e5nga \u00e4r vi som varit med och som kan intyga betydelsen av dessa l\u00e4ger, dels f\u00f6r v\u00e5r identitet men ocks\u00e5 f\u00f6r alla de fina minnena och gemenskapen.<\/p>\n\n\n\n<p>Traditionellt har det varit de assyriska riksf\u00f6rbunden och\/eller f\u00f6reningarna som antingen ensamma eller i samarbete anordnat dessa l\u00e4ger. Dock har intresset varit vikande och p\u00e5 senare \u00e5r till att n\u00e4stan f\u00f6rsvinna. F\u00f6r att \u00e4ndra p\u00e5 denna trend tar nu assyriska familjer hemmah\u00f6rande i de assyriska f\u00f6reningarna i Stor-Stockholm p\u00e5 sig uppdraget att anordna l\u00e4ger. Syftet \u00e4r att kunna erbjuda \u00e4ven dagens barn samma m\u00f6jligheter.<\/p>\n\n\n\n<p><em>[uppdatering]<\/em><br>I mars 2024, tilltr\u00e4dde en ny styrelse f\u00f6r Assyriska Riksf\u00f6rbundet i Sverige. Sedan dess har ansvaret f\u00f6r l\u00e4gret l\u00e4mnats \u00f6ver till dem.<\/p>\n","protected":false},"excerpt":{"rendered":"<p>Assyriskt sommarl\u00e4ger 2024 Historiskt sett har sommarl\u00e4ger varit ett viktigt inslag i den Assyriska r\u00f6relsens 50-\u00e5riga historia h\u00e4r i Sverige. &hellip; <a href=\"http:\/\/assyriayouthcamp.se\/\" class=\"more-link\"><span class=\"more-button\">Forts\u00e4tt l\u00e4sa<span class=\"screen-reader-text\">om oss<\/span><\/span><\/a><\/p>\n","protected":false},"author":1,"featured_media":0,"parent":0,"menu_order":0,"comment_status":"closed","ping_status":"closed","template":"","meta":{"_monsterinsights_skip_tracking":false,"_monsterinsights_sitenote_active":false,"_monsterinsights_sitenote_note":"","_monsterinsights_sitenote_category":0,"footnotes":""},"_links":{"self":[{"href":"http:\/\/assyriayouthcamp.se\/index.php?rest_route=\/wp\/v2\/pages\/32"}],"collection":[{"href":"http:\/\/assyriayouthcamp.se\/index.php?rest_route=\/wp\/v2\/pages"}],"about":[{"href":"http:\/\/assyriayouthcamp.se\/index.php?rest_route=\/wp\/v2\/types\/page"}],"author":[{"embeddable":true,"href":"http:\/\/assyriayouthcamp.se\/index.php?rest_route=\/wp\/v2\/users\/1"}],"replies":[{"embeddable":true,"href":"http:\/\/assyriayouthcamp.se\/index.php?rest_route=%2Fwp%2Fv2%2Fcomments&post=32"}],"version-history":[{"count":6,"href":"http:\/\/assyriayouthcamp.se\/index.php?rest_route=\/wp\/v2\/pages\/32\/revisions"}],"predecessor-version":[{"id":95,"href":"http:\/\/assyriayouthcamp.se\/index.php?rest_route=\/wp\/v2\/pages\/32\/revisions\/95"}],"wp:attachment":[{"href":"http:\/\/assyriayouthcamp.se\/index.php?rest_route=%2Fwp%2Fv2%2Fmedia&parent=32"}],"curies":[{"name":"wp","href":"https:\/\/api.w.org\/{rel}","templated":true}]}}

<figure class="wp-block-image size-full is-resized"><img loading="lazy" decoding="async" width="463" height="660" src="https://assyriayouthcamp.se/wp-content/uploads/2024/03/IMG_6066-1.jpeg" alt="" class="wp-image-75" style="width:250px" srcset="http://assyriayouthcamp.se/wp-content/uploads/2024/03/IMG_6066-1.jpeg 463w, http://assyriayouthcamp.se/wp-content/uploads/2024/03/IMG_6066-1-210x300.jpeg 210w" sizes="(max-width: 463px) 100vw, 463px" /></figure>



<h3 class="wp-block-heading">Assyriskt sommarläger 2024</h3>



<p>Historiskt sett har sommarläger varit ett viktigt inslag i den Assyriska rörelsens 50-åriga historia här i Sverige. Många är vi som varit med och som kan intyga betydelsen av dessa läger, dels för vår identitet men också för alla de fina minnena och gemenskapen.</p>



<p>Traditionellt har det varit de assyriska riksförbunden och/eller föreningarna som antingen ensamma eller i samarbete anordnat dessa läger. Dock har intresset varit vikande och på senare år till att nästan försvinna. För att ändra på denna trend tar nu assyriska familjer hemmahörande i de assyriska föreningarna i Stor-Stockholm på sig uppdraget att anordna läger. Syftet är att kunna erbjuda även dagens barn samma möjligheter.</p>



<p><em>[uppdatering]</em><br>I mars 2024, tillträdde en ny styrelse för Assyriska Riksförbundet i Sverige. Sedan dess har ansvaret för lägret lämnats över till dem.</p>

<p>Assyriskt sommarläger 2024 Historiskt sett har sommarläger varit ett viktigt inslag i den Assyriska rörelsens 50-åriga historia här i Sverige. &hellip; <a href="http://assyriayouthcamp.se/" class="more-link"><span class="more-button">Fortsätt läsa<span class="screen-reader-text">om oss</span></span></a></p>
